 0)/(-2) - -9?
3
Suppose 18*q - 110 - 10258 = 0. List the prime factors of q.
2, 3
Suppose 0*o + 3095 = 3*o + 5*y, -y - 4096 = -4*o. What are the prime factors of o?
5, 41
Let p be 183*(-16)/(-10) + (-5)/(-25). Let a = p - 64. List the prime factors of a.
229
Let t(g) be the second derivative of 7*g**4/4 + g**3/6 + g**2/2 - 10*g. What are the prime factors of t(1)?
23
Let m(y) be the second derivative of y**5/20 - 13*y**4/12 + 13*y**3/6 + 11*y**2/2 + 12*y. List the prime factors of m(12).
23
Let d = 81 - 81. Suppose 0 = -g - d*g + 5*w + 186, -2*g + 2*w = -404. List the prime factors of g.
2, 103
Let u(s) = 6*s**2 + 3*s + 5. Suppose -4*k = 4*k + 24. What are the prime factors of u(k)?
2, 5
Let a = -1 + 0. Let u(v) = -36*v - 1. Let i(q) = q. Let n(r) = 6*i(r) + u(r). List the prime factors of n(a).
29
Suppose -3*z = 17 + 1. List the prime factors of 3 + (10/z)/(6/(-180)).
53
Let w = -87 - -161. Suppose -619 = -5*t - w. List the prime factors of t.
109
What are the prime factors of (-43)/4*-43 + 24/(-96)?
2, 3, 7, 11
Let z be (15 + -13)*10/4. Suppose 141 = z*s + 5*k - 169, 2*s - 142 = 4*k. List the prime factors of s.
5, 13
Let r = 18 - 13. Let w(g) = 2*g**3 - 2*g**2 - 10*g - 6. List the prime factors of w(r).
2, 3
Let j(p) = -p - 1. Let d be j(-6). What are the prime factors of 0 + 10/d + 11?
13
Suppose 31 = f + 28. Suppose 4*x = -f*y + 22, -4*x - 7 = -2*y + x. List the prime factors of y.
2, 3
Let i(w) = 4*w - 4. Let p be i(5). Suppose 12 = -0*v - 2*v. Let u = p - v. What are the prime factors of u?
2, 11
Suppose 0 = -7*q - 1193 + 27051. List the prime factors of q.
2, 1847
Suppose -73*j + 79*j = 4818. What are the prime factors of j?
11, 73
List the prime factors of (-9331)/(-4) + 36/(-240)*5.
2, 11, 53
Let t = -937 - -2411. What are the prime factors of t?
2, 11, 67
Let f = 8 + -6. Suppose 0 = -0*c + f*c - 4. What are the prime factors of c?
2
Suppose 0*o - 5*n = 3*o - 2340, 2*o - 1573 = n. What are the prime factors of o?
5, 157
Suppose -5*k = -0*k - 2*r - 28, -r - 4 = 0. Suppose 5*l - 2*p - 50 = 0, k*p + 6 = l - 4. List the prime factors of l/15*114/4.
19
Suppose -772 = 3*s - 7*s. Suppose -3*h - 19 = -s. List the prime factors of h.
2, 29
List the prime factors of (-486 - -2)*((11 - 6) + -6).
2, 11
Let k = 1871 - 1092. List the prime factors of k.
19, 41
Let t(r) = -7*r - 6. Let x(j) = 7*j + 6. Let h(f) = -2*t(f) - 3*x(f). What are the prime factors of h(-7)?
43
Let n be 121/5 + (-4)/20. Suppose -v + 2*o + 19 = 0, 4*o - n - 30 = -2*v. Let x = v - 13. What are the prime factors of x?
2, 5
Let w(o) be the first derivative of 70*o**3/3 - o**2 - 4*o + 5. What are the prime factors of w(-1)?
2, 17
Let t(o) = 8*o - 15. Let x be t(-14). Let u = x - -191. Suppose 2*i - 44 = -0*v - 4*v, -3*i = 5*v - u. List the prime factors of i.
2, 3
Let t = -1357 + 2649. List the prime factors of t.
2, 17, 19
Let l be 3/15 + 104/(-20). Let o = -1 - l. Suppose 2*u + 3*g - 22 = 41, -o*u + g = -147. List the prime factors of u.
2, 3
Suppose 13*l - 12518 = -4705. Let c = l - 361. List the prime factors of c.
2, 3, 5
List the prime factors of 41144/16 + 11/(-22).
3, 857
Let d = 337 - 270. List the prime factors of d.
67
Let x = -5 + 9. Suppose -2*l - 3*f = -32 - 2, 0 = -x*l - 3*f + 68. What are the prime factors of l?
17
Let q(h) = 70*h**2 + 35*h - 4. List the prime factors of q(7).
3671
Let r = -1 - -13. Suppose -2*l - l + r = 0. Suppose -l*k - k + 105 = 0. What are the prime factors of k?
3, 7
Let b = -290 + 813. What are the prime factors of b?
523
Let b(a) = -8 + 24 - 2*a - 13. Suppose 5*z = 5*g - 30, z + g + 12 = 4*g. List the prime factors of b(z).
3
Suppose 0 = 3*x - 5*b + 25, 1 - 3 = -b. Let i be (x - -3) + 1 + -48. Let h = 69 + i. List the prime factors of h.
2, 5
Let h = -152 + 391. Let w = h + -121. What are the prime factors of w?
2, 59
Let y(k) = -29*k - 11. Let z be y(-6). Suppose -c - z - 1760 = -3*j, 4*c - j = -7637. What are the prime factors of (-4)/(-14) + c/(-84)?
23
Suppose -4*r + 1336 = 5*u - 2*u, 1779 = 4*u + 3*r. List the prime factors of u.
2, 3, 37
Suppose 0 = 3*j - 2*j - 4. Suppose u - 56 = -3*b, 3*u = -j*b + 8*u + 62. Suppose -v - b = -2*v. List the prime factors of v.
2, 3
List the prime factors of (4/32*4)/(5/810).
3
Suppose 360*s + 10255 = 365*s. List the prime factors of s.
7, 293
List the prime factors of (494/5)/(1/(2 - -8)).
2, 13, 19
Suppose 2*o - 10063 = -2*z + 1785, 16 = -4*z. What are the prime factors of o?
2, 3, 13, 19
Let x = -3899 - -7569. List the prime factors of x.
2, 5, 367
Suppose 23*c = 22*c + 52. Suppose -5*i - c = 3*b - 215, 0 = -3*b + 3*i + 195. What are the prime factors of b?
61
Suppose 2*y + 2*y = 240. What are the prime factors of 10/(5*3/y)?
2, 5
Let g = -315 + 885. List the prime factors of g.
2, 3, 5, 19
Let b = 50 + -177. Let j = b + 189. List the prime factors of j.
2, 31
Let b = 571 - 253. List the prime factors of b.
2, 3, 53
Let i be (-33)/(30/(-8)*(-24)/120). Let y(l) = 2*l**3 - 4*l**2 + 4*l - 2. Let a be y(2). List the prime factors of a*(i/8)/(-1).
3, 11
Suppose 5*o - 151 = o + 5*l, 2*o - 73 = 5*l. Let b = o - 28. Let s(c) = 3*c - 4. What are the prime factors of s(b)?
29
Let h be 11 - ((-2)/2)/(6/18). List the prime factors of h/7 - (-3)/(9/285).
97
Suppose w + 1213 = j, 3*j + 6058 = -5*w + j. List the prime factors of ((w/(-15))/(-2))/((-2)/10).
2, 101
Let n(h) = 11*h**2 + 5*h + 6. Let v be n(-4). Let g = 396 - v. List the prime factors of g.
2, 3, 13
Let g be 1/4 - 534*7/(-56). Suppose 930 = -g*i + 72*i. What are the prime factors of i?
2, 3, 31
Let z = 14 - 12. Suppose 4*v - 3*g = 276, -v = z*v - 5*g - 218. List the prime factors of v.
2, 3, 11
What are the prime factors of 52905/25 - (-12)/(-60)?
2, 23
Let i = 186 + 261. What are the prime factors of i?
3, 149
Let d(x) be the third derivative of -x**4/6 + x**3/3 - 3*x**2. Let o be d(-6). Suppose -3*t + 43 + o = 0. What are the prime factors of t?
23
Suppose -317 = -6*y + 259. Let t = y - 28. What are the prime factors of t?
2, 17
Suppose -k = 2*g - 176, 2*k - g = 187 + 160. List the prime factors of k.
2, 3, 29
Let x(i) = 189*i**2 + i + 1. Let w be x(-1). Suppose -w = -5*u - 4*l, -u - u - 5*l + 79 = 0. What are the prime factors of u?
37
Let d(p) = -569*p + 16. List the prime factors of d(-2).
2, 577
Let m be 3 + 10/(-5 - -3). Suppose 4*p - 3 = 1. Let d = p - m. What are the prime factors of d?
3
Suppose 0 = 3*u - 5*w - 5523 + 76, 0 = -2*u + 4*w + 3632. List the prime factors of u.
2, 907
Suppose -4*l = 40 - 0. Let n(d) = -9 + d + 15 + 8 - 1. List the prime factors of n(l).
3
Let y = 9 + -10. Let r = y - -25. What are the prime factors of r?
2, 3
Let u(d) be the third derivative of -d**6/120 + d**5/6 - 7*d**4/24 - 5*d**3/6 + 6*d**2. List the prime factors of u(7).
3, 31
Let i = -42 - -30. Let q be (0 + 24)*21/i. Let z = -29 - q. What are the prime factors of z?
13
Let z = -109 - -68. Let q = z + 52. What are the prime factors of q?
11
Suppose 4*u + 4 = 2*u. List the prime factors of -2 + 155*(-1 - u).
3, 17
Let g(b) = b**3 - 14*b**2 - 16*b + 14. Let o be g(15). Let n be o/3 + 64/12. Suppose 11 + 174 = n*q. What are the prime factors of q?
37
Let g be (33/22)/(3/4). Suppose -3*t - 24 = -3*v, 4*t = 3*t + g. Let m = 12 + v. List the prime factors of m.
2, 11
Let x be 18/(-36)*8/(-2). Suppose 0 = x*d - 3 - 3. Suppose m = t + 3*t - 27, -1 = d*t - 5*m. What are the prime factors of t?
2
Let c(h) = 17*h**3 - 14*h**2 - 8*h + 24. What are the prime factors of c(5)?
1759
Let y(r) = 9*r**2 + 5*r + 5. Let p be y(-2). Let h = 24 + p. What are the prime factors of h?
5, 11
Let c(b) = 590*b - 87. List the prime factors of c(6).
3, 1151
Suppose -5*n = -16*n + 66. Let a(y) = -y**3 + 8*y**2 + 2*y - 10. List the prime factors of a(n).
2, 37
Let a = 214 - 188. What are the prime factors of a?
2, 13
Let c = 1347 + -564. What are the prime factors of c?
3, 29
Suppose 4*c - 2 = 3*c, 5*t + 2*c = 49. Let j be (-160)/90 - 2/t. What are the prime factors of (-24)/36*33/j?
11
Suppose 4*c = 3*u + 10, -3*c = 2*u + u - 18. Suppose c*f - 60 = f. List the prime factors of (-18 + f)/((-1)/(-13)).
2, 13
What are the prime factors of -4*(2 + 63/(-12))?
13
Let m be (-2 - (-2)/1)*-1. Suppose w + 5*o = 12, 4*o + 89 + m = 5*w. Suppose -5*h + w = a - 11, 0 = h + 3*a - 14. List the p